{"id":110,"date":"2026-01-29T18:26:27","date_gmt":"2026-01-29T15:26:27","guid":{"rendered":"https:\/\/akdemirhaliyikama.com.tr\/?page_id=110"},"modified":"2026-01-29T18:27:11","modified_gmt":"2026-01-29T15:27:11","slug":"yorgan-yikama","status":"publish","type":"page","link":"https:\/\/akdemirhaliyikama.com.tr\/index.php\/yorgan-yikama\/","title":{"rendered":"Yorgan Y\u0131kama"},"content":{"rendered":"\t\t<div data-elementor-type=\"wp-page\" data-elementor-id=\"110\" class=\"elementor elementor-110\">\n\t\t\t\t<div class=\"elementor-element elementor-element-551651a e-flex e-con-boxed e-con e-parent\" data-id=\"551651a\" data-element_type=\"container\">\n\t\t\t\t\t<div class=\"e-con-inner\">\n\t\t\t\t<div class=\"elementor-element elementor-element-345d115 elementor-widget elementor-widget-heading\" data-id=\"345d115\" data-element_type=\"widget\" data-widget_type=\"heading.default\">\n\t\t\t\t\t<h2 class=\"elementor-heading-title elementor-size-default\">Yorgan Y\u0131kama<\/h2>\t\t\t\t<\/div>\n\t\t\t\t\t<\/div>\n\t\t\t\t<\/div>\n\t\t<div class=\"elementor-element elementor-element-785b17a e-flex e-con-boxed e-con e-parent\" data-id=\"785b17a\" data-element_type=\"container\">\n\t\t\t\t\t<div class=\"e-con-inner\">\n\t\t\t\t<div class=\"elementor-element elementor-element-22386bc elementor-widget elementor-widget-text-editor\" data-id=\"22386bc\" data-element_type=\"widget\" data-widget_type=\"text-editor.default\">\n\t\t\t\t\t\t\t\t\t<p><span style=\"color: rgb(51, 51, 51); font-family: &quot;Helvetica Neue&quot;, Helvetica, Arial, sans-serif; font-size: 14px; text-align: justify; background-color: rgb(243, 241, 242);\">Yorgan Y\u0131kama Akdemir hal\u0131 y\u0131kama olarak sadece hal\u0131 de\u011fil yorgan ve battaniyeleri \u00f6zenle ve \u00fcst\u00fcn kalite anlay\u0131\u015f\u0131m\u0131zla temizliyoruz. yorgan k\u0131\u015f\u0131n en \u00f6nemli \u00f6rt\u00fcd\u00fcr. Temiz olmas\u0131 sa\u011fl\u0131\u011f\u0131n\u0131z a\u00e7\u0131s\u0131ndan \u00e7ok \u00f6nemlidir. Belirli zaman aral\u0131klar\u0131 ile y\u0131kaman\u0131z\u0131 \u00f6neriyoruz. Yorganlar\u0131n\u0131z\u0131n temiz olmas\u0131 sa\u011fl\u0131\u011f\u0131n\u0131z\u0131 b\u00fcy\u00fck \u00f6l\u00e7\u00fcde etkileyecektir. Yorgan Y\u0131kama lider firma olan Akdemir hal\u0131 y\u0131kama en iyi hizmeti vermektedir.<\/span><br style=\"color: rgb(51, 51, 51); font-family: &quot;Helvetica Neue&quot;, Helvetica, Arial, sans-serif; font-size: 14px; text-align: justify; background-color: rgb(243, 241, 242);\"><br style=\"color: rgb(51, 51, 51); font-family: &quot;Helvetica Neue&quot;, Helvetica, Arial, sans-serif; font-size: 14px; text-align: justify; background-color: rgb(243, 241, 242);\"><span style=\"font-weight: 700; color: rgb(51, 51, 51); font-family: &quot;Helvetica Neue&quot;, Helvetica, Arial, sans-serif; font-size: 14px; text-align: justify; background-color: rgb(243, 241, 242);\">Yorgan Y\u0131kama A\u015famalar\u0131<br><br><\/span><span style=\"color: rgb(51, 51, 51); font-family: &quot;Helvetica Neue&quot;, Helvetica, Arial, sans-serif; font-size: 14px; text-align: justify; background-color: rgb(243, 241, 242);\">\u0130lk olarak lekeler yumu\u015fat\u0131l\u0131yor.<\/span><br style=\"color: rgb(51, 51, 51); font-family: &quot;Helvetica Neue&quot;, Helvetica, Arial, sans-serif; font-size: 14px; text-align: justify; background-color: rgb(243, 241, 242);\"><span style=\"color: rgb(51, 51, 51); font-family: &quot;Helvetica Neue&quot;, Helvetica, Arial, sans-serif; font-size: 14px; text-align: justify; background-color: rgb(243, 241, 242);\">Lekelere m\u00fcdahale ediyoruz.<\/span><br style=\"color: rgb(51, 51, 51); font-family: &quot;Helvetica Neue&quot;, Helvetica, Arial, sans-serif; font-size: 14px; text-align: justify; background-color: rgb(243, 241, 242);\"><span style=\"color: rgb(51, 51, 51); font-family: &quot;Helvetica Neue&quot;, Helvetica, Arial, sans-serif; font-size: 14px; text-align: justify; background-color: rgb(243, 241, 242);\">Yorganlar\u0131 otomatik y\u0131kama makinas\u0131na at\u0131yoruz.<\/span><br style=\"color: rgb(51, 51, 51); font-family: &quot;Helvetica Neue&quot;, Helvetica, Arial, sans-serif; font-size: 14px; text-align: justify; background-color: rgb(243, 241, 242);\"><span style=\"color: rgb(51, 51, 51); font-family: &quot;Helvetica Neue&quot;, Helvetica, Arial, sans-serif; font-size: 14px; text-align: justify; background-color: rgb(243, 241, 242);\">Daha sonra Yorganlar\u0131 s\u0131karak suyunu al\u0131yoruz.<\/span><br style=\"color: rgb(51, 51, 51); font-family: &quot;Helvetica Neue&quot;, Helvetica, Arial, sans-serif; font-size: 14px; text-align: justify; background-color: rgb(243, 241, 242);\"><span style=\"color: rgb(51, 51, 51); font-family: &quot;Helvetica Neue&quot;, Helvetica, Arial, sans-serif; font-size: 14px; text-align: justify; background-color: rgb(243, 241, 242);\">Kapal\u0131 mekan kurutma odas\u0131na yorganlar\u0131 kurutuyoruz.<\/span><\/p>\t\t\t\t\t\t\t\t<\/div>\n\t\t\t\t\t<\/div>\n\t\t\t\t<\/div>\n\t\t\t\t<\/div>\n\t\t","protected":false},"excerpt":{"rendered":"<p>Yorgan Y\u0131kama Yorgan Y\u0131kama Akdemir hal\u0131 y\u0131kama olarak sadece hal\u0131 de\u011fil yorgan ve battaniyeleri \u00f6zenle ve \u00fcst\u00fcn kalite anlay\u0131\u015f\u0131m\u0131zla temizliyoruz. yorgan k\u0131\u015f\u0131n en \u00f6nemli \u00f6rt\u00fcd\u00fcr. Temiz olmas\u0131 sa\u011fl\u0131\u011f\u0131n\u0131z a\u00e7\u0131s\u0131ndan \u00e7ok \u00f6nemlidir. Belirli zaman aral\u0131klar\u0131 ile y\u0131kaman\u0131z\u0131 \u00f6neriyoruz. Yorganlar\u0131n\u0131z\u0131n temiz olmas\u0131 sa\u011fl\u0131\u011f\u0131n\u0131z\u0131 b\u00fcy\u00fck \u00f6l\u00e7\u00fcde etkileyecektir. Yorgan Y\u0131kama lider firma olan Akdemir hal\u0131 y\u0131kama en iyi hizmeti [&hellip;]<\/p>\n","protected":false},"author":1,"featured_media":0,"parent":0,"menu_order":0,"comment_status":"closed","ping_status":"closed","template":"","meta":{"footnotes":""},"class_list":["post-110","page","type-page","status-publish","hentry"],"_links":{"self":[{"href":"https:\/\/akdemirhaliyikama.com.tr\/index.php\/wp-json\/wp\/v2\/pages\/110","targetHints":{"allow":["GET"]}}],"collection":[{"href":"https:\/\/akdemirhaliyikama.com.tr\/index.php\/wp-json\/wp\/v2\/pages"}],"about":[{"href":"https:\/\/akdemirhaliyikama.com.tr\/index.php\/wp-json\/wp\/v2\/types\/page"}],"author":[{"embeddable":true,"href":"https:\/\/akdemirhaliyikama.com.tr\/index.php\/wp-json\/wp\/v2\/users\/1"}],"replies":[{"embeddable":true,"href":"https:\/\/akdemirhaliyikama.com.tr\/index.php\/wp-json\/wp\/v2\/comments?post=110"}],"version-history":[{"count":4,"href":"https:\/\/akdemirhaliyikama.com.tr\/index.php\/wp-json\/wp\/v2\/pages\/110\/revisions"}],"predecessor-version":[{"id":114,"href":"https:\/\/akdemirhaliyikama.com.tr\/index.php\/wp-json\/wp\/v2\/pages\/110\/revisions\/114"}],"wp:attachment":[{"href":"https:\/\/akdemirhaliyikama.com.tr\/index.php\/wp-json\/wp\/v2\/media?parent=110"}],"curies":[{"name":"wp","href":"https:\/\/api.w.org\/{rel}","templated":true}]}}