{"id":30,"date":"2026-01-08T07:24:54","date_gmt":"2026-01-08T04:24:54","guid":{"rendered":"https:\/\/akdemirhaliyikama.com.tr\/?page_id=30"},"modified":"2026-01-29T17:59:59","modified_gmt":"2026-01-29T14:59:59","slug":"hakkimizda","status":"publish","type":"page","link":"https:\/\/akdemirhaliyikama.com.tr\/index.php\/hakkimizda\/","title":{"rendered":"Hakk\u0131m\u0131zda"},"content":{"rendered":"\t\t<div data-elementor-type=\"wp-page\" data-elementor-id=\"30\" class=\"elementor elementor-30\">\n\t\t\t\t<div class=\"elementor-element elementor-element-2c73f4ec e-flex e-con-boxed e-con e-parent\" data-id=\"2c73f4ec\" data-element_type=\"container\">\n\t\t\t\t\t<div class=\"e-con-inner\">\n\t\t\t\t<div class=\"elementor-element elementor-element-4438907b elementor-widget elementor-widget-text-editor\" data-id=\"4438907b\" data-element_type=\"widget\" data-widget_type=\"text-editor.default\">\n\t\t\t\t\t\t\t\t\t\n<h3 class=\"wp-block-heading\">Hakk\u0131m\u0131zda<\/h3>\n\n<p><strong>Akdemir Hal\u0131 Y\u0131kama<\/strong>, 2010 y\u0131l\u0131ndan bu yana \u0130zmir genelinde profesyonel temizlik hizmetleri sunan k\u00f6kl\u00fc bir firmad\u0131r. Kuruldu\u011fumuz g\u00fcnden itibaren temel hedefimiz; hijyen, kalite ve m\u00fc\u015fteri memnuniyetini en \u00fcst seviyede tutarak ya\u015fam alanlar\u0131n\u0131za sa\u011fl\u0131kl\u0131 ve ferah bir ortam kazand\u0131rmakt\u0131r.<\/p>\n\n<p>Modern makine parkurumuz, \u00e7evre dostu ve insan sa\u011fl\u0131\u011f\u0131na zarar vermeyen temizlik \u00fcr\u00fcnlerimiz ile <strong>hal\u0131 y\u0131kama<\/strong>, <strong>koltuk temizli\u011fi<\/strong>, <strong>store perde temizli\u011fi<\/strong> ve <strong>yorgan y\u0131kama<\/strong> hizmetlerini titizlikle ger\u00e7ekle\u015ftiriyoruz. Her \u00fcr\u00fcn, kuma\u015f ve dokunun \u00f6zelliklerine g\u00f6re ayr\u0131 ayr\u0131 de\u011ferlendirilir; leke \u00e7\u0131karma, derinlemesine temizlik ve kurutma a\u015famalar\u0131 profesyonel ekiplerimiz taraf\u0131ndan \u00f6zenle uygulan\u0131r.<\/p>\n\n<p>\u0130zmir\u2019de g\u00fcvenilir, zaman\u0131nda ve kaliteli hizmet anlay\u0131\u015f\u0131yla binlerce m\u00fc\u015fterinin tercih etti\u011fi Akdemir Hal\u0131 Y\u0131kama olarak, ev ve i\u015f yerlerinizde hijyen standartlar\u0131n\u0131 y\u00fckseltmeyi s\u00fcrd\u00fcr\u00fcyoruz. S\u00fcrekli kendini yenileyen hizmet anlay\u0131\u015f\u0131m\u0131z ve tecr\u00fcbeli kadromuzla, temizlikte g\u00f6n\u00fcl rahatl\u0131\u011f\u0131yla tercih edebilece\u011finiz bir \u00e7\u00f6z\u00fcm orta\u011f\u0131 olman\u0131n gururunu ya\u015f\u0131yoruz.<\/p>\n\n<p>Temizlikte kalite, hijyende g\u00fcven ar\u0131yorsan\u0131z Akdemir Hal\u0131 Y\u0131kama her zaman yan\u0131n\u0131zda.<\/p>\n\t\t\t\t\t\t\t\t<\/div>\n\t\t\t\t\t<\/div>\n\t\t\t\t<\/div>\n\t\t\t\t<\/div>\n\t\t","protected":false},"excerpt":{"rendered":"<p>Hakk\u0131m\u0131zda Akdemir Hal\u0131 Y\u0131kama, 2010 y\u0131l\u0131ndan bu yana \u0130zmir genelinde profesyonel temizlik hizmetleri sunan k\u00f6kl\u00fc bir firmad\u0131r. Kuruldu\u011fumuz g\u00fcnden itibaren temel hedefimiz; hijyen, kalite ve m\u00fc\u015fteri memnuniyetini en \u00fcst seviyede tutarak ya\u015fam alanlar\u0131n\u0131za sa\u011fl\u0131kl\u0131 ve ferah bir ortam kazand\u0131rmakt\u0131r. Modern makine parkurumuz, \u00e7evre dostu ve insan sa\u011fl\u0131\u011f\u0131na zarar vermeyen temizlik \u00fcr\u00fcnlerimiz ile hal\u0131 y\u0131kama, koltuk [&hellip;]<\/p>\n","protected":false},"author":1,"featured_media":0,"parent":0,"menu_order":0,"comment_status":"closed","ping_status":"closed","template":"","meta":{"footnotes":""},"class_list":["post-30","page","type-page","status-publish","hentry"],"_links":{"self":[{"href":"https:\/\/akdemirhaliyikama.com.tr\/index.php\/wp-json\/wp\/v2\/pages\/30","targetHints":{"allow":["GET"]}}],"collection":[{"href":"https:\/\/akdemirhaliyikama.com.tr\/index.php\/wp-json\/wp\/v2\/pages"}],"about":[{"href":"https:\/\/akdemirhaliyikama.com.tr\/index.php\/wp-json\/wp\/v2\/types\/page"}],"author":[{"embeddable":true,"href":"https:\/\/akdemirhaliyikama.com.tr\/index.php\/wp-json\/wp\/v2\/users\/1"}],"replies":[{"embeddable":true,"href":"https:\/\/akdemirhaliyikama.com.tr\/index.php\/wp-json\/wp\/v2\/comments?post=30"}],"version-history":[{"count":4,"href":"https:\/\/akdemirhaliyikama.com.tr\/index.php\/wp-json\/wp\/v2\/pages\/30\/revisions"}],"predecessor-version":[{"id":86,"href":"https:\/\/akdemirhaliyikama.com.tr\/index.php\/wp-json\/wp\/v2\/pages\/30\/revisions\/86"}],"wp:attachment":[{"href":"https:\/\/akdemirhaliyikama.com.tr\/index.php\/wp-json\/wp\/v2\/media?parent=30"}],"curies":[{"name":"wp","href":"https:\/\/api.w.org\/{rel}","templated":true}]}}